d millions digit of 143124248?
1
What is the ten millions digit of 200890272?
0
What is the units digit of 59726082?
2
What is the ten thousands digit of 234481392?
8
What is the units digit of 52479733?
3
What is the units digit of 21391847?
7
What is the hundred millions digit of 2475367613?
4
What is the millions digit of 57171286?
7
What is the units digit of 815792017?
7
What is the ten millions digit of 274497727?
7
What is the hundred thousands digit of 39961902?
9
What is the ten thousands digit of 60431490?
3
What is the units digit of 380378079?
9
What is the tens digit of 41418808?
0
What is the tens digit of 791434139?
3
What is the hundred thousands digit of 161937040?
9
What is the hundreds digit of 297412859?
8
What is the ten millions digit of 330240461?
3
What is the millions digit of 9787129862?
7
What is the tens digit of 194252491?
9
What is the units digit of 4773663?
3
What is the ten millions digit of 987164542?
8
What is the ten thousands digit of 263109325?
0
What is the ten millions digit of 12016979?
1
What is the units digit of 119628056?
6
What is the tens digit of 774865429?
2
What is the tens digit of 551718722?
2
What is the units digit of 83503355?
5
What is the tens digit of 674422280?
8
What is the millions digit of 35791198?
5
What is the millions digit of 90194333?
0
What is the units digit of 218107217?
7
What is the ten millions digit of 30735064?
3
What is the ten millions digit of 1626970420?
2
What is the ten millions digit of 666210707?
6
What is the ten millions digit of 327292406?
2
What is the ten millions digit of 1430264042?
3
What is the hundred millions digit of 963294481?
9
What is the ten millions digit of 126743248?
2
What is the thousands digit of 81886625?
6
What is the units digit of 247309897?
7
What is the ten millions digit of 523036906?
2
What is the units digit of 558168650?
0
What is the ten thousands digit of 616452050?
5
What is the ten thousands digit of 126715075?
1
What is the ten millions digit of 4893531595?
9
What is the units digit of 234231241?
1
What is the ten thousands digit of 2836632085?
3
What is the ten thousands digit of 138007139?
0
What is the millions digit of 184876438?
4
What is the thousands digit of 3822739084?
9
What is the tens digit of 2488746335?
3
What is the units digit of 1107218374?
4
What is the ten thousands digit of 49198343?
9
What is the hundreds digit of 310372889?
8
What is the thousands digit of 3792888376?
8
What is the hundred thousands digit of 722560702?
5
What is the units digit of 174516538?
8
What is the ten thousands digit of 125497774?
9
What is the thousands digit of 14794687?
4
What is the hundreds digit of 808262?
2
What is the millions digit of 48359282?
8
What is the ten thousands digit of 1124467027?
6
What is the hundred thousands digit of 82634156?
6
What is the hundred millions digit of 140156213?
1
What is the thousands digit of 1082916678?
6
What is the ten millions digit of 970619009?
7
What is the tens digit of 46832829?
2
What is the tens digit of 2778978976?
7
What is the hundred thousands digit of 909880565?
8
What is the hundred thousands digit of 46651653?
6
What is the tens digit of 66085619?
1
What is the millions digit of 10144238?
0
What is the hundred millions digit of 424273872?
4
What is the tens digit of 309786750?
5
What is the hundred thousands digit of 1245498263?
4
What is the ten millions digit of 5105336815?
0
What is the units digit of 698687342?
2
What is the tens digit of 128779068?
6
What is the hundreds digit of 270659253?
2
What is the ten millions digit of 162948915?
6
What is the thousands digit of 336977297?
7
What is the billions digit of 6591399154?
6
What is the hundreds digit of 447777179?
1
What is the thousands digit of 4237196057?
6
What is the millions digit of 49416262?
9
What is the hundred millions digit of 1214983083?
2
What is the hundred millions digit of 4199432096?
1
What is the thousands digit of 2782015953?
5
What is the billions digit of 2862179273?
2
What is the units digit of 776297657?
7
What is the thousands digit of 3310150717?
0
What is the thousands digit of 2395397504?
7
What is the ten millions digit of 10107577?
1
What is the millions digit of 241634887?
1
What is the hundreds digit of 440052359?
3
What is the millions digit of 63393196?
3
What is the hundreds digit of 57946776?
7
What is the hundred thousands digit of 2578570584?
5
What is the millions digit of 3809555?
3
What is the millions digit of 1439354885?
9
What is the ten thousands digit of 484330630?
3
What is the millions digit of 1298329029?
8
What is the thousands digit of 83280774?
0
What is the hundreds digit of 13430175?
1
What is the thousands digit of 134101685?
1
What is the thousands digit of 182206011?
6
What is the thousands digit of 72996688?
6
What is the ten thousands digit of 8889255?
8
What is the millions digit of 416373587?
6
What is the hundred millions digit of 523004570?
5
What is the hundred thousands digit of 86965287?
9
What is the hundreds digit of 36279309?
3
What is the hundreds digit of 93935409?
4
What is the tens digit of 515903466?
6
What is the billions digit of 5987452231?
5
What is the hundred thousands digit of 314321281?
3
What is the hundreds digit of 601244700?
7
What is the thousands digit of 530264512?
4
What is the hundred thousands digit of 33354464?
3
What is the ten thousands digit of 150501989?
0
What is the hundreds digit of 292907?
9
What is the ten thousands digit of 3109589354?
8
What is the millions digit of 26610350?
6
What is the billions digit of 1096239439?
1
What is the tens digit of 46778599?
9
What is the hundred thousands digit of 1778546304?
5
What is the units digit of 179219465?
5
What is the units digit of 152488648?
8
What is the units digit of 46999552?
2
What is the hundred millions digit of 1239249750?
2
What is the billions digit of 4835001783?
4
What is the hundred millions digit of 3532499522?
5
What is the ten thousands digit of 1319799098?
9
What is the hundred millions digit of 456233026?
4
What is the ten millions digit of 594221320?
9
What is the hundreds digit of 825739909?
9
What is the hundreds digit of 232498802?
8
What is the millions digit of 5964048941?
4
What is the millions digit of 80704573?
0
What is the millions digit of 13179076?
3
What is the tens digit of 209943093?
9
What is the hundreds digit of 20471073?
0
What is the thousands digit of 32939035?
9
What is the ten millions digit of 977252210?
7
What is the hundred thousands digit of 51376563?
3
What is the ten millions digit of 14819687?
1
What is the millions digit of 100003837?
0
What is the billions digit of 3585174913?
3
What is the millions digit of 41165795?
1
What is the hundreds digit of 627231217?
2
What is the units digit of 1905578857?
7
What is the millions digit of 864851066?
4
What is the units digit of 90067691?
1
What is the hundreds digit of 12310586?
5
What is the hundred thousands digit of 98315512?
3
What is the millions digit of 3211030800?
1
What is the hundreds digit of 50059055?
0
What is the hundred thousands digit of 27550410?
5
What is the tens digit of 355655677?
7
What is the units digit of 26955370?
0
What is the thousands digit of 204965318?
5
What is the units digit of 87293866?
6
What is the units digit of 579154389?
9
What is the units digit of 150629193?
3
What is the ten thousands digit of 49273770?
7
What is the ten thousands digit of 1518450869?
5
What is the ten thousands digit of 14310616?
1
What is the units digit of 11479588?
8
What is the ten thousands digit of 185614171?
1
What is the thousands digit of 45718957?
8
What is the millions digit of 83406412?
3
What is the hundreds digit of 735511349?
3
What is the ten millions digit of 1669569199?
6
What is the thousands digit of 41949012?
9
What is the hundred millions digit of 525194017?
5
What is the millions digit of 45606241?
5
What is the millions digit of 1672731925?
2
What is the ten millions digit of 664927201?
6
What is the tens digit of 3791354618?
1
What is the millions digit of 113778573?
3
What is the hundred thousands digit of 43496932?
4
What is the ten millions digit of 28024965?
2
What is the hundreds digit of 25067174?
1
What is the units digit of 17